 tens digit of 1390?
9
What is the units digit of 2055?
5
What is the thousands digit of 10111?
0
What is the hundreds digit of 2331?
3
What is the thousands digit of 1808?
1
What is the units digit of 1539?
9
What is the thousands digit of 9349?
9
What is the hundreds digit of 1858?
8
What is the thousands digit of 7036?
7
What is the units digit of 990?
0
What is the units digit of 4349?
9
What is the ten thousands digit of 74836?
7
What is the units digit of 2862?
2
What is the tens digit of 28535?
3
What is the tens digit of 9669?
6
What is the units digit of 3445?
5
What is the hundreds digit of 43147?
1
What is the units digit of 862?
2
What is the tens digit of 16802?
0
What is the thousands digit of 137052?
7
What is the thousands digit of 22045?
2
What is the hundreds digit of 49385?
3
What is the ten thousands digit of 27398?
2
What is the thousands digit of 85774?
5
What is the units digit of 10709?
9
What is the tens digit of 355?
5
What is the tens digit of 452?
5
What is the thousands digit of 3856?
3
What is the thousands digit of 1155?
1
What is the units digit of 634?
4
What is the hundreds digit of 6687?
6
What is the units digit of 1863?
3
What is the tens digit of 48976?
7
What is the thousands digit of 19293?
9
What is the hundreds digit of 1213?
2
What is the hundreds digit of 139916?
9
What is the units digit of 45415?
5
What is the thousands digit of 1824?
1
What is the units digit of 768?
8
What is the tens digit of 1060?
6
What is the ten thousands digit of 18666?
1
What is the hundreds digit of 107670?
6
What is the thousands digit of 13390?
3
What is the hundreds digit of 14413?
4
What is the hundreds digit of 361?
3
What is the hundreds digit of 65303?
3
What is the tens digit of 1738?
3
What is the hundreds digit of 32509?
5
What is the thousands digit of 4732?
4
What is the units digit of 1614?
4
What is the units digit of 7426?
6
What is the units digit of 1165?
5
What is the tens digit of 402?
0
What is the hundreds digit of 1684?
6
What is the thousands digit of 137580?
7
What is the thousands digit of 53337?
3
What is the thousands digit of 135847?
5
What is the thousands digit of 4657?
4
What is the hundreds digit of 2652?
6
What is the hundreds digit of 14137?
1
What is the units digit of 1737?
7
What is the units digit of 16130?
0
What is the tens digit of 6724?
2
What is the ten thousands digit of 19912?
1
What is the thousands digit of 7831?
7
What is the tens digit of 13400?
0
What is the hundreds digit of 2353?
3
What is the tens digit of 10470?
7
What is the ten thousands digit of 66483?
6
What is the units digit of 767?
7
What is the thousands digit of 8653?
8
What is the tens digit of 264?
6
What is the thousands digit of 88870?
8
What is the tens digit of 953?
5
What is the thousands digit of 2310?
2
What is the ten thousands digit of 19093?
1
What is the hundreds digit of 2016?
0
What is the thousands digit of 2996?
2
What is the hundreds digit of 621?
6
What is the tens digit of 3626?
2
What is the units digit of 1355?
5
What is the tens digit of 7007?
0
What is the ten thousands digit of 26710?
2
What is the ten thousands digit of 11112?
1
What is the tens digit of 8502?
0
What is the units digit of 5221?
1
What is the thousands digit of 1738?
1
What is the tens digit of 823?
2
What is the hundreds digit of 7901?
9
What is the units digit of 280?
0
What is the thousands digit of 6215?
6
What is the thousands digit of 9108?
9
What is the hundreds digit of 290?
2
What is the hundreds digit of 15555?
5
What is the hundreds digit of 30891?
8
What is the hundreds digit of 2845?
8
What is the hundreds digit of 987?
9
What is the units digit of 720?
0
What is the ten thousands digit of 85245?
8
What is the ten thousands digit of 24601?
2
What is the tens digit of 3235?
3
What is the thousands digit of 70627?
0
What is the hundreds digit of 1341?
3
What is the hundreds digit of 483?
4
What is the units digit of 163?
3
What is the tens digit of 6950?
5
What is the ten thousands digit of 67411?
6
What is the ten thousands digit of 18195?
1
What is the thousands digit of 7975?
7
What is the hundreds digit of 3965?
9
What is the units digit of 50757?
7
What is the units digit of 1748?
8
What is the hundreds digit of 53541?
5
What is the thousands digit of 1901?
1
What is the thousands digit of 16177?
6
What is the tens digit of 78881?
8
What is the hundreds digit of 9651?
6
What is the tens digit of 1358?
5
What is the hundreds digit of 2347?
3
What is the units digit of 4676?
6
What is the hundreds digit of 2444?
4
What is the thousands digit of 12998?
2
What is the ten thousands digit of 95636?
9
What is the hundreds digit of 8714?
7
What is the units digit of 8741?
1
What is the units digit of 1921?
1
What is the hundreds digit of 3542?
5
What is the thousands digit of 7361?
7
What is the hundreds digit of 72687?
6
What is the units digit of 430?
0
What is the tens digit of 1132?
3
What is the tens digit of 980?
8
What is the thousands digit of 2816?
2
What is the tens digit of 1096?
9
What is the tens digit of 57893?
9
What is the thousands digit of 15170?
5
What is the hundreds digit of 600?
6
What is the hundreds digit of 337?
3
What is the ten thousands digit of 21012?
2
What is the tens digit of 3495?
9
What is the tens digit of 429?
2
What is the thousands digit of 6462?
6
What is the thousands digit of 12596?
2
What is the units digit of 773?
3
What is the thousands digit of 19751?
9
What is the hundreds digit of 20263?
2
What is the hundreds digit of 1015?
0
What is the tens digit of 1546?
4
What is the thousands digit of 29248?
9
What is the hundreds digit of 8988?
9
What is the tens digit of 1903?
0
What is the tens digit of 558?
5
What is the ten thousands digit of 26671?
2
What is the units digit of 1580?
0
What is the hundreds digit of 35820?
8
What is the units digit of 666?
6
What is the units digit of 1859?
9
What is the units digit of 3164?
4
What is the units digit of 105?
5
What is the units digit of 8249?
9
What is the tens digit of 912?
1
What is the tens digit of 339?
3
What is the hundreds digit of 31453?
4
What is the units digit of 342?
2
What is the hundreds digit of 561?
5
What is the tens digit of 50472?
7
What is the tens digit of 150330?
3
What is the tens digit of 8372?
7
What is the thousands digit of 1504?
1
What is the hundreds digit of 32150?
1
What is the thousands digit of 26586?
6
What is the units digit of 2204?
4
What is the units digit of 20305?
5
What is the thousands digit of 2367?
2
What is the ten thousands digit of 10612?
1
What is the thousands digit of 20168?
0
What is the thousands digit of 13739?
3
What is the tens digit of 6598?
9
What is the thousands digit of 55023?
5
What is the hundred thousands digit of 187123?
1
What is the tens digit of 26028?
2
What is the tens digit of 11309?
0
What is the hundreds digit of 4231?
2
What is the hundreds digit of 4508?
5
What is the tens digit of 2988?
8
What is the tens digit of 40702?
0
What is the units digit of 3678?
8
What is the thousands digit of 1201?
1
What is the tens digit of 346?
4
What is the tens digit of 51496?
9
What is the thousands digit of 71058?
1
What is the tens digit of 29497?
9
What is the tens digit of 579?
7
What is the hundreds digit of 3038?
0
What is the thousands digit of 1532?
1
What is the hundreds digit of 10954?
9
What is the units digit of 211?
1
What is the hundreds digit of 1680?
6
What is the hundreds digit of 2486?
4
What is the hundreds digit of 117558?
5
What is the tens digit of 96276?
7
What is the ten thousands digit of 13767?
1
What is the tens digit of 393?
9
What is the units digit of 878?
8
What is the units digit of 1176?
6
What is the tens digit of 4218?
1
What is the tens digit of 5470?
7
What is the units digit of 2913?
3
What is the thousands digit of 2747?
2
What is the tens digit of 46104?
0
What is the hundreds digit of 5430?
4
What is the thousands digit of 7206?
7
What is the units digit of 3218?
8
What is the hundreds digit of 41781?
7
What is the units digit of 751?
1
What is the hundreds digit of 3638?
6
What is the tens digit of 4833?
3
What is the hundreds digit of 18284?
2
What is the hundreds digit of 550?
5
What is the ten thousands digit of 13